(a) = -8*a**2 + 12*a + 3. Determine n(3).
-33
Let n(d) = -4*d - 131. Give n(-32).
-3
Let q(g) = 2*g**2 + 8*g + 16. Calculate q(-5).
26
Let u(z) = -z**2 + 16*z - 16. Calculate u(11).
39
Let a(l) = -15*l + 156. Give a(11).
-9
Let p(k) = -2*k**2 + 160. Give p(9).
-2
Let r(z) = 3*z - 5. Determine r(1).
-2
Let b(d) = -d - 6. Calculate b(9).
-15
Let v(l) = -l**3 + 7*l**2 - 17*l + 19. Give v(4).
-1
Let i(c) = -6*c + 114. Calculate i(26).
-42
Let p(b) = -2*b**2 - 17*b - 4. Calculate p(-4).
32
Let c(h) = -h**3 - 2*h**2 + 2*h + 4. What is c(-3)?
7
Let k(n) = n**3 + 8*n**2 - 9*n + 22. What is k(-9)?
22
Let y(d) = d**2 - 14*d + 10. Calculate y(13).
-3
Let c(l) = -14*l**2 + 533*l - 34. Calculate c(38).
4
Let m(a) = -32*a - 192. What is m(-6)?
0
Let x(g) = -6*g + 89. Determine x(14).
5
Let b(z) = z**2 + 3*z + 7. What is b(-5)?
17
Let i(o) = -o**3 - o + 20. Calculate i(0).
20
Let z(j) = -j**2 + 9*j - 2. What is z(6)?
16
Let o(f) = -f**2 - 13*f - 13. Calculate o(-7).
29
Let m(q) = 2*q**3 - q**2 + q + 12. What is m(0)?
12
Let z(s) = -s**3 + 10*s**2 - 7*s + 10. Determine z(9).
28
Let f(p) = -p**3 - 9*p**2 + 3*p - 51. Give f(-10).
19
Let r(g) = 4*g + 27. Calculate r(-12).
-21
Let k(f) = f**3 - 15*f**2 + 13*f - 10. Give k(14).
-24
Let z(q) = q**3 - 4*q**2 - 17*q - 9. What is z(7)?
19
Let f(b) = -b**3 - 2*b + 3. Determine f(2).
-9
Let b(k) = -k + 31. What is b(21)?
10
Let d(p) = -p + 5. Determine d(-4).
9
Let v(o) = 2*o**2 + 9*o - 22. Calculate v(-11).
121
Let r(l) = -4*l + 1. Determine r(1).
-3
Let u(j) = -j**2 - 4*j + 17. Determine u(-6).
5
Let b(u) = -4*u**2 + u. Calculate b(3).
-33
Let k(t) = -49*t**3 + 3*t**2 + 8*t + 6. Calculate k(-1).
50
Let w(p) = -p**3 + 10*p**2 + 12*p - 3. Determine w(11).
8
Let y(i) = -i**3 - 5*i**2 - 4*i - 11. What is y(-5)?
9
Let o(x) = -6*x + 27. Calculate o(7).
-15
Let m(v) = v**2 + 11*v - 5. Give m(-11).
-5
Let f(x) = 2*x**2 - 4*x + 6. Calculate f(4).
22
Let a(y) = -2*y**3 + 46*y**2 + 3*y - 33. Calculate a(23).
36
Let l(a) = -a**3 - 9*a**2 + 10*a - 6. Determine l(-10).
-6
Let d(l) = 2*l**3 + 115*l**2 - 60*l - 123. Determine d(-58).
-7
Let b(w) = w**3 + 32*w**2 - 69*w - 27. Determine b(-34).
7
Let r(z) = -6*z - 53. Give r(-9).
1
Let s(w) = -w**2 + 7*w + 12. Give s(7).
12
Let q(x) = 4*x**2 + 16*x + 8. Determine q(-6).
56
Let z(t) = -t**3 + 6*t**2 - t + 6. Calculate z(6).
0
Let g(o) = o**2 - 15*o + 13. What is g(17)?
47
Let o(g) = -g**3 - 7*g**2 - 8*g - 6. Determine o(-6).
6
Let o(i) = i**3 + 6*i**2 - 2*i - 7. Determine o(-5).
28
Let a(k) = k**3 + 12*k**2 + 12*k - 20. Calculate a(-11).
-31
Let m(f) = 2*f**3 + 13*f**2 - 13*f - 22. What is m(-7)?
20
Let d(n) = -14*n - 39. What is d(-2)?
-11
Let i(a) = -17*a + 18. Determine i(1).
1
Let l(a) = a**3 + 10*a**2 + 12*a + 5. What is l(-8)?
37
Let d(f) = -3*f - 72. What is d(-27)?
9
Let o(q) = -q**2 + 9*q + 19. Give o(-3).
-17
Let g(t) = -t + 30. What is g(26)?
4
Let h(i) = -i**2 - 8*i + 15. What is h(-6)?
27
Let o(x) = -24*x + 175. What is o(9)?
-41
Let u(m) = m**2 + 10*m + 8. What is u(-10)?
8
Let g(u) = -13*u - 53. Give g(-4).
-1
Let p(g) = -26*g - 2. Give p(-1).
24
Let k(a) = -a + 10. Determine k(22).
-12
Let z(o) = -o - 4. What is z(-4)?
0
Let y(b) = b**2 - 13*b + 30. Determine y(4).
-6
Let j(q) = 13*q + 101. What is j(-6)?
23
Let g(f) = f**3 + 6*f**2 - 10*f - 11. Determine g(-7).
10
Let v(o) = -26*o - 6. Determine v(-1).
20
Let p(z) = -z**2 + 11*z - 2. Calculate p(10).
8
Let m(d) = -d**2 - 17*d - 65. What is m(-10)?
5
Let j(i) = -i + 21. What is j(0)?
21
Let q(r) = -4*r**2 - 2*r + 23. Calculate q(0).
23
Let p(d) = 4*d**3 - 44*d**2 - 5*d + 54. Determine p(11).
-1
Let u(l) = -l**2 - 29*l + 168. Give u(-34).
-2
Let i(r) = -7*r - 112. What is i(-23)?
49
Let g(o) = 44*o + 171. Determine g(-5).
-49
Let c(v) = 7*v**2 + 2*v + 1. What is c(-1)?
6
Let r(p) = -4*p + 28. Determine r(7).
0
Let x(j) = 3*j + 22. What is x(-7)?
1
Let p(i) = -2*i - 14. Determine p(-9).
4
Let w(t) = -27*t - 707. What is w(-26)?
-5
Let t(z) = -6*z - 14. Calculate t(-4).
10
Let d(x) = -2*x**2 - 20*x - 9. What is d(-8)?
23
Let y(k) = k**3 + 4*k**2 - 94*k - 449. Give y(-5).
-4
Let x(n) = 4*n - 24. Determine x(8).
8
Let f(i) = -2*i**3 + 43*i**2 - 3*i - 382. Calculate f(21).
-4
Let d(v) = -v**3 + 15*v**2 - 16*v + 19. What is d(14)?
-9
Let m(d) = -d**3 + 12*d**2 + 10*d + 25. Calculate m(13).
-14
Let w(j) = 2*j**3 - 23*j**2 + 12*j - 5. Calculate w(11).
6
Let s(w) = w**3 - 14*w**2 + 5*w - 63. What is s(14)?
7
Let n(c) = 12*c + 6. Calculate n(-1).
-6
Let j(b) = -b**2 - 3*b - 14. What is j(-5)?
-24
Let v(y) = -4*y - 112. What is v(-25)?
-12
Let y(j) = j**3 - 4*j**2 - 3*j - 5. Determine y(5).
5
Let n(f) = -2*f**2 - 6*f - 4. Determine n(-7).
-60
Let g(w) = 5*w. Calculate g(-5).
-25
Let s(p) = -6*p - 10. What is s(-9)?
44
Let r(q) = 5*q**3 + q**2 + 3*q - 3. Calculate r(1).
6
Let o(q) = -2*q**3 - 9*q**2 + 5*q + 7. What is o(-5)?
7
Let a(s) = 4*s**3 + s**2 - 3*s - 3. Determine a(-2).
-25
Let k(a) = 13*a - 3. Calculate k(1).
10
Let n(b) = 144*b**3 - 2*b - 2. Calculate n(-1).
-144
Let g(o) = -5*o**3 - o - 2. Calculate g(-1).
4
Let y(l) = -2*l**2 - l. Give y(2).
-10
Let c(u) = u**2 - 3*u - 48. What is c(9)?
6
Let q(t) = 2*t**2 - 16*t + 2. Calculate q(0).
2
Let n(d) = -2*d**2 + 5*d + 2. What is n(4)?
-10
Let l(a) = 30*a**2. Give l(-1).
30
Let t(n) = 2*n**2 + 17*n + 44. Determine t(-4).
8
Let g(y) = 2*y**3 - 16*y**2 + 13*y + 7. Determine g(7).
0
Let h(f) = -f**3 - 2*f**2 - f + 15. Give h(4).
-85
Let l(o) = -o**3 - o**2 + o - 3. Give l(0).
-3
Let p(m) = -2*m + 9. Calculate p(7).
-5
Let k(x) = x + 9. Calculate k(-3).
6
Let k(s) = 5*s - 11. Determine k(-5).
-36
Let s(b) = -12*b - 80. Calculate s(-3).
-44
Let n(d) = d**2 + 9*d - 26. Calculate n(-13).
26
Let c(d) = -2*d**2 + d + 10. Give c(4).
-18
Let b(z) = -z**2 - 11*z + 100. What is b(7)?
-26
Let a(c) = 2*c - 8. Calculate a(4).
0
Let o(v) = -v**2 - 26*v - 48. Calculate o(-24).
0
Let t(d) = 67*d**3 + 2*d**2 + 2*d. Determine t(-1).
-67
Let a(l) = -2*l**3 - 11*l**2 - 11*l - 5. Calculate a(-4).
-9
Let z(v) = -v**3 - 11*v**2 + 8*v - 16. What is z(-12)?
32
Let k(t) = -93*t - 3. Determine k(2).
-189
Let l(z) = z + 7. Calculate l(-10).
-3
Let y(i) = -4*i - 58. What is y(-7)?
-30
Let u(s) = s**3 - 9*s**2 + 8*s + 9. Give u(8).
9
Let s(g) = g**3 - 4*g**2 - 4*g + 12. What is s(5)?
17
Let m(o) = 6*o**2 - o + 3. What is m(2)?
25
Let k(p) = p**2 + 6*p + 7. Calculate k(-4).
-1
Let n(h) = -2*h - 61. Calculate n(-31).
1
Let n(v) = -3*v - 4. Determine n(-8).
20
Let z(r) = -2*r**2 + 3*r + 4. Determine z(-3).
-23
Let y(d) = 11*d**2 + d - 1. What is y(-1)?
9
Let h(o) = o**3 + o**2 - o - 3. What is h(3)?
30
Let r(a) = -4*a. Calculate r(4).
-16
Let b(d) = -d**3 - 7*d**2 + d + 8. Calculate b(-7).
1
Let r(w) = -11*w**2 + 396*w + 8. Calculate r(36).
8
Let y(n) = n**2 - 4*n. Determine y(4).
0
Let x(s) = -s - 51. What is x(-23)?
-28
Let h(r) = -5*r - 104. Calculate h(-23).
11
Let r(p) = -10*p + 476. What is r(48)?
-4
Let b(v) = -v - 10. Give b(-13).
3
Let n(i) = -i**3 - i**2 + i + 13. Determine n(0).
13
Let j(i) = -i**3 - i**2 + 10*i + 23. What is j(0)?
23
Let z(h) = -h**3 - 26*h**2 - 26*h - 30. Give z(-25).
-5
Let v(d) = d**2 - 4*d. Determine v(4).
0
Let t(q) = -q**2 - 13*q + 13. Give t(-7).
55
Let m(z) = z**2 - 24*z + 39. Calculate m(23).
16
Let i(x) = x**3 + 18*x**2 + 16*x - 19. What is i(-17)?
-2
Let d(s) = s**3 - 7*s**2 - 10*s + 67. Calculate d(7).
-3
Let u(w) = 3*w**2 + 4*w + 3. Give u(-4).
35
Let b(c) = -4*c - 2. Determine b(5).
-22
Let n(v) = -13*v + 34. Give n(5).
-31
Let h(y) = y**3 - 2*y**2 - 11. Determine h(3).
-2
Let i(d) = -3*d + 12. Determine i(4).
0
Let r(a) = a**3 + 8*a**2 - 12*a - 10. What is r(-9)?
17
Let r(w) = -w**3 + 19*w**2 - 89*w - 11. What is r(10)?
-1
Let v(b) = -b**3 - 6*b**2 + 10*b + 23. Calculate v(-7).
2
Let w(c) = -c**3 + 7*c**2 + 11*c - 18. Determine w(8).
6
Let y(c) = -9*c - 10. Calculate y(2).
-28
Let y(d) = -d**3 + 3*d**2 + 5. Calculate y(3).
5
Let i(t) = -t**2 - 32*t - 69. What is i(-24)?
123
Let i(w) = w**3 - 15*w**2 + 13*w + 11. Determine i(14).
-3
Let z(l) = -4*l + 18. Determine z(-2).
26
Let w(b) = -b**3 + 15*b**2 + 98*b + 45. What is w(20)?
5
Let f(s) = -s**2 + 14*s + 28. What is f(17)?
-23
Let d(n) = 7*n + 20. Calculate d(-3).
-1
Let f(q) = q**2 - 3*q - 170. Calculate f(14).
-1